 1011001111?
1011001010
In base 13, what is 1c - -2a?
49
In base 16, what is 1 - -5?
6
In base 13, what is -1350 + -5?
-1355
In base 9, what is -7 + -173?
-181
In base 16, what is 300 + 3?
303
In base 7, what is -6 + -2310?
-2316
In base 9, what is -4 + -76?
-81
In base 6, what is 2 + -13114?
-13112
In base 3, what is -1022112010 - 0?
-1022112010
In base 6, what is -3 - 25?
-32
In base 8, what is 130 - 1?
127
In base 4, what is 13 + -2?
11
In base 9, what is 5 + 373?
378
In base 7, what is 6 + -1056?
-1050
In base 2, what is 101000 + -110?
100010
In base 5, what is 2040 - 3?
2032
In base 13, what is -2c - 3?
-32
In base 15, what is 2 + -727?
-725
In base 12, what is -5 - -48?
43
In base 3, what is 2110 - -22?
2202
In base 6, what is -5 + 125?
120
In base 6, what is 5 - -35244?
35253
In base 5, what is -201 + -2?
-203
In base 2, what is 11 + 1011101?
1100000
In base 7, what is 13 - -32?
45
In base 3, what is -2212002 - 1?
-2212010
In base 5, what is 2403 + -3?
2400
In base 4, what is -2 + 1310?
1302
In base 16, what is 94 - -25?
b9
In base 11, what is -5 - 50?
-55
In base 9, what is 3 - -1322?
1325
In base 7, what is -12355 + 0?
-12355
In base 12, what is 31 - 4?
29
In base 2, what is -100 - -1010011000000?
1010010111100
In base 5, what is 203 - -2?
210
In base 8, what is 3 - 335?
-332
In base 4, what is -1031 + 33?
-332
In base 11, what is 250 - 0?
250
In base 3, what is 12 - -20101?
20120
In base 10, what is -5 + 1297?
1292
In base 16, what is -4 - -4d?
49
In base 13, what is 94 + 2?
96
In base 6, what is -10 - 13?
-23
In base 15, what is 3242 - 4?
323d
In base 9, what is -2 + -431?
-433
In base 8, what is 13 - -251?
264
In base 14, what is -3 - -2b5?
2b2
In base 12, what is -36 + -2a?
-64
In base 4, what is -130023 - 0?
-130023
In base 6, what is -1111 - -2?
-1105
In base 13, what is 3b2 - 4?
3ab
In base 15, what is 1 + -69?
-68
In base 6, what is 13150 + -3?
13143
In base 5, what is -1 + -1432?
-1433
In base 8, what is 4 + -32?
-26
In base 12, what is 1 + -4?
-3
In base 13, what is -284 - -1?
-283
In base 4, what is 12 + -32023?
-32011
In base 6, what is -124 - -5?
-115
In base 9, what is -250 + 0?
-250
In base 16, what is a + 21?
2b
In base 5, what is 323102 + -4?
323043
In base 6, what is 3 - 4033?
-4030
In base 13, what is -4 + -16b8?
-16bc
In base 5, what is 10 + 223?
233
In base 8, what is -5 + -10706?
-10713
In base 6, what is -1115 - 2?
-1121
In base 5, what is 1 + 10241?
10242
In base 10, what is 1057 + 1?
1058
In base 3, what is -11120 + 22?
-11021
In base 14, what is 0 - 3d?
-3d
In base 9, what is 6 + 803?
810
In base 5, what is 0 - -3402?
3402
In base 11, what is 3 + -127?
-124
In base 3, what is -1010121 - -12?
-1010102
In base 7, what is -53 - 23?
-106
In base 13, what is 8 + -33?
-28
In base 12, what is 5 - 3?
2
In base 14, what is -538 + -1?
-539
In base 12, what is -ba6 - -7?
-b9b
In base 2, what is 10 + 100001110?
100010000
In base 10, what is -130 - 3?
-133
In base 16, what is -26 + -38?
-5e
In base 14, what is 22d - -5?
234
In base 10, what is -7 - 34?
-41
In base 4, what is -10300 - -1?
-10233
In base 16, what is 10f2 - 5?
10ed
In base 15, what is 1 + 49?
4a
In base 2, what is 1101010110 + -100?
1101010010
In base 7, what is -526 - 4?
-533
In base 8, what is -106 + -2?
-110
In base 4, what is 10 + 1022211?
1022221
In base 14, what is -1 - 360?
-361
In base 16, what is 3 + -c6a?
-c67
In base 3, what is -10 + -202210?
-202220
In base 12, what is -762 + -4?
-766
In base 12, what is -15 + 11?
-4
In base 13, what is 22 - 8?
17
In base 14, what is -c2 - -3?
-bd
In base 3, what is 122 - -102?
1001
In base 9, what is 130 - -5?
135
In base 5, what is -2 - 330?
-332
In base 16, what is 16 - -c9?
df
In base 2, what is -11010011 - -101?
-11001110
In base 10, what is -3 - -124?
121
In base 8, what is 20 - 752?
-732
In base 15, what is -1 - -16?
15
In base 10, what is 7410 - 0?
7410
In base 15, what is -2 - -dc?
da
In base 7, what is -43 + 2?
-41
In base 12, what is -926 - -2?
-924
In base 10, what is 64 + -3?
61
In base 4, what is 2 - 221?
-213
In base 9, what is 4 + -511?
-506
In base 10, what is -2 + -130?
-132
In base 14, what is -4 + 29a?
296
In base 11, what is 5 + -24?
-1a
In base 13, what is -5 + 3c?
37
In base 5, what is 3022 - -1?
3023
In base 6, what is 2 - -11?
13
In base 9, what is 2 + 306?
308
In base 4, what is -2 - -1202?
1200
In base 9, what is -12 + -82?
-104
In base 8, what is 6 + -6710?
-6702
In base 12, what is -82 - 0?
-82
In base 10, what is -559 - -5?
-554
In base 15, what is -1277 - 2?
-1279
In base 11, what is -34 + 3?
-31
In base 6, what is -2 - 4535?
-4541
In base 11, what is -43a + 7?
-433
In base 9, what is -8 + 210?
201
In base 6, what is -24 + -4?
-32
In base 2, what is 0 - 111001000?
-111001000
In base 9, what is 3 + -124?
-121
In base 4, what is -211 - -1020?
203
In base 12, what is -2 + -153?
-155
In base 10, what is 566 + 2?
568
In base 9, what is 250 + 3?
253
In base 9, what is 8 + -22?
-13
In base 11, what is -3 + -4a?
-52
In base 14, what is -56 + 8?
-4c
In base 4, what is 2111 - -21?
2132
In base 15, what is 708 - -6?
70e
In base 13, what is 8 + -38?
-30
In base 3, what is -102 + 10102?
10000
In base 9, what is 448 - 2?
446
In base 8, what is -205 - -70?
-115
In base 2, what is 1011 + -1001001?
-111110
In base 5, what is -3 - 11?
-14
In base 13, what is -3 - 8?
-b
In base 13, what is -3 + 36?
33
In base 2, what is 10 - -101111?
110001
In base 12, what is -10 + 11?
1
In base 12, what is -b7 + 5?
-b2
In base 15, what is 4 - 7e6?
-7e2
In base 12, what is -231 + 1?
-230
In base 8, what is 237 - -13?
252
In base 6, what is 2 - 4?
-2
In base 6, what is -41 + -11?
-52
In base 7, what is 111 - -43?
154
In base 8, what is 2 + -32?
-30
In base 13, what is 360 + 2b?
38b
In base 2, what is -10 + -10001001?
-10001011
In base 12, what is 4 - 1b8?
-1b4
In base 13, what is 2 + 168?
16a
In base 2, what is 1101 + 1111001?
10000110
In base 10, what is -474 + 3?
-471
In base 7, what is 0 + 32?
32
In base 9, what is -205 + 10?
-185
In base 12, what is 5 - 25b3?
-25aa
In base 5, what is 120242 - 10?
120232
In base 12, what is 6a27 + 2?
6a29
In base 10, what is -345 + 1?
-344
In base 6, what is 22 - 50?
-24
In base 5, what is -34 + 42?
3
In base 5, what is -13331 + 10?
-13321
In base 11, what is -5 - -46?
41
In base 10, what is 2 + 8?
10
In base 16, what is 1651 + -4?
164d
In base 4, what is -33 + 133?
100
In base 11, what is -2 + 338?
336
In base 10, what is -385 - 14?
-399
In base 8, what is -42 - 14?
-56
In base 14, what is 1 - -65?
66
In base 2, what is -111010111 - -1100?
-111001011
In base 3, what is -1 - -211202?
211201
In base 5, what is 0 + 223?
223
In base 13, what is 8 + -1b4?
-1a9
In base 16, what is -d + ca?
bd
In base 6, what is 3 - 1240?
-1233
In base 7, what is -13 - 1046?
-1062
In base 15, what is -4 - 4c5?
-4c9
In base 7, what is -2 - -56?
54
In base 9, what is 134 + -1?
133
In base 3, what is 210 - -211?
1121
In base 9, what is 171 - 0?
171
In base 3, what is 111 - 200?
-12
In base 5, what is 3 + -222442?
-222434
In base 2, what is 10001101010 + -1?
10001101001
In base 8, what is 342 + 66?
430
In base 9, what is -30 - 3?
-33
In base 2, what is -110 - -100101?
11111
In base 8, what is 157 + 143?
322
In base 9, what is 2 + 81?
83
In base 10, what is -5 - 602?
-607
In base 5, what is -1 + -1411?
-1412
In base 14, what is -6bc4 - 3?
-6bc7
In base 5, what is 202 + 2023?
2230
In base 7, what is -3 + 212?
206
In base 3, what is 1 - 2012010?
-2012002
In base 4, what is 21221 - -131?
22012
In base 3, what is -2 + -110?
-112
In base 14, what is 3 + bb?
c0
In base 11, what is -76 + 4?
-72
In base 16, what is -c + -11?
-1d
In base 2, what is 1 - -1110110?
1110111
In base 11, what is 13 + -560?
-548
In base 8, what is -1 + 117?
116
In base 9, what is -1070 + -5?
-1075
In base 5, what is 31 - -402?
433
In base 5, what is -121 - -1?
-120
In base 12, what is 0 - -25?
25
In base 6, what is 10 - 2035?
-2025
In base 8, what is -3225 + -3?
-3230
In base 5, what is 23 - -3?
31
In base 3, what is -10 + -101211?
-101221
In base 13, what is 157 + -3?
154
In base 5, what is 1001 - 220?
231
In base 14, what is -3d + -1d?
-5c
In base 4, what is 1301 + 10?
1311
In base 14, what is -22c84 - 5?
-22c89
In base 12, what is 11